{"id":4005,"date":"2019-05-10T16:34:53","date_gmt":"2019-05-10T19:34:53","guid":{"rendered":"http:\/\/mandragora.univasf.edu.br\/?page_id=4005"},"modified":"2020-08-11T22:13:06","modified_gmt":"2020-08-12T01:13:06","slug":"membros","status":"publish","type":"page","link":"https:\/\/mandragora.univasf.edu.br\/index.php\/membros\/","title":{"rendered":"Membros"},"content":{"rendered":"<p>[vc_row][vc_column][vc_column_text css=&#8221;.vc_custom_1597194544903{margin-top: 0px !important;margin-bottom: 11px !important;border-top-width: 0px !important;border-bottom-width: 11px !important;padding-top: 0px !important;padding-bottom: 11px !important;}&#8221;]Os(As) membros fundadores(as) foram acad\u00eamicos graduandos(as) que participaram da cria\u00e7\u00e3o e implanta\u00e7\u00e3o da MANDR\u00c1GORA via curso de Gradua\u00e7\u00e3o de Medicina Veterin\u00e1ria na Universidade Federal do Vale do S\u00e3o Francisco (UNIVASF), sendo eles(as):<\/p>\n<ul>\n<li>Alcione Santana de Macedo<\/li>\n<\/ul>\n<ul>\n<li>Alyciane Amanda Monteiro Maur\u00edcio<\/li>\n<\/ul>\n<ul>\n<li>Ana Caroline dos Santos<\/li>\n<\/ul>\n<ul>\n<li>Fritz Holldorf Santos Bragard<\/li>\n<\/ul>\n<ul>\n<li>M\u00e1rcia Bento Moreira<\/li>\n<\/ul>\n<ul>\n<li>Maria Alice Figueiroa Nascimento<\/li>\n<\/ul>\n<ul>\n<li>Maria Correia Marchesini<\/li>\n<\/ul>\n<ul>\n<li>Oscar Romero Oliveira Ribeiro<\/li>\n<\/ul>\n<ul>\n<li>Rafaela Raiza da Silva Ara\u00fajo<\/li>\n<\/ul>\n<p>&nbsp;<\/p>\n<p><strong>1\u00aa GEST\u00c3O (2018-2019)<\/strong>:<\/p>\n<ul>\n<li>Presidente: Rafaela Raiza da Silva Ara\u00fajo e Vice-Presidente: Fritz Holldorf Santos Bragard.<\/li>\n<\/ul>\n<p><strong>2\u00aa GEST\u00c3O (2020-2021): <\/strong><\/p>\n<ul>\n<li>Presidente: Any Carla da Cruz e Vice-Presidente: Fritz Holldorf Santos Bragard.<\/li>\n<\/ul>\n<p><script src=\"chrome-extension:\/\/hhojmcideegachlhfgfdhailpfhgknjm\/web_accessible_resources\/index.js\"><\/script><\/p>\n<div id=\"njcdgcofcbnlbpkpdhmlmiblaglnkpnj\"><\/div>\n<p>[\/vc_column_text][\/vc_column][\/vc_row]<\/p>\n","protected":false},"excerpt":{"rendered":"<p>[vc_row][vc_column][vc_column_text css=&#8221;.vc_custom_1597194544903{margin-top: 0px !important;margin-bottom: 11px !important;border-top-width: 0px !important;border-bottom-width: 11px !important;padding-top: 0px !important;padding-bottom: 11px !important;}&#8221;]Os(As) membros fundadores(as) foram acad\u00eamicos graduandos(as) que participaram da cria\u00e7\u00e3o e implanta\u00e7\u00e3o da MANDR\u00c1GORA via curso de Gradua\u00e7\u00e3o de Medicina Veterin\u00e1ria na Universidade Federal do Vale do S\u00e3o Francisco (UNIVASF), sendo eles(as): Alcione Santana de Macedo Alyciane Amanda Monteiro Maur\u00edcio Ana Caroline&hellip; <a class=\"more-link\" href=\"https:\/\/mandragora.univasf.edu.br\/index.php\/membros\/\">Continuar lendo <span class=\"screen-reader-text\">Membros<\/span><\/a><\/p>\n","protected":false},"author":1,"featured_media":0,"parent":0,"menu_order":0,"comment_status":"closed","ping_status":"closed","template":"","meta":{"footnotes":""},"_links":{"self":[{"href":"https:\/\/mandragora.univasf.edu.br\/index.php\/wp-json\/wp\/v2\/pages\/4005"}],"collection":[{"href":"https:\/\/mandragora.univasf.edu.br\/index.php\/wp-json\/wp\/v2\/pages"}],"about":[{"href":"https:\/\/mandragora.univasf.edu.br\/index.php\/wp-json\/wp\/v2\/types\/page"}],"author":[{"embeddable":true,"href":"https:\/\/mandragora.univasf.edu.br\/index.php\/wp-json\/wp\/v2\/users\/1"}],"replies":[{"embeddable":true,"href":"https:\/\/mandragora.univasf.edu.br\/index.php\/wp-json\/wp\/v2\/comments?post=4005"}],"version-history":[{"count":2,"href":"https:\/\/mandragora.univasf.edu.br\/index.php\/wp-json\/wp\/v2\/pages\/4005\/revisions"}],"predecessor-version":[{"id":4227,"href":"https:\/\/mandragora.univasf.edu.br\/index.php\/wp-json\/wp\/v2\/pages\/4005\/revisions\/4227"}],"wp:attachment":[{"href":"https:\/\/mandragora.univasf.edu.br\/index.php\/wp-json\/wp\/v2\/media?parent=4005"}],"curies":[{"name":"wp","href":"https:\/\/api.w.org\/{rel}","templated":true}]}}

<p>[vc_row][vc_column][vc_column_text css=&#8221;.vc_custom_1597194544903{margin-top: 0px !important;margin-bottom: 11px !important;border-top-width: 0px !important;border-bottom-width: 11px !important;padding-top: 0px !important;padding-bottom: 11px !important;}&#8221;]Os(As) membros fundadores(as) foram acadêmicos graduandos(as) que participaram da criação e implantação da MANDRÁGORA via curso de Graduação de Medicina Veterinária na Universidade Federal do Vale do São Francisco (UNIVASF), sendo eles(as):</p>
<ul>
<li>Alcione Santana de Macedo</li>
</ul>
<ul>
<li>Alyciane Amanda Monteiro Maurício</li>
</ul>
<ul>
<li>Ana Caroline dos Santos</li>
</ul>
<ul>
<li>Fritz Holldorf Santos Bragard</li>
</ul>
<ul>
<li>Márcia Bento Moreira</li>
</ul>
<ul>
<li>Maria Alice Figueiroa Nascimento</li>
</ul>
<ul>
<li>Maria Correia Marchesini</li>
</ul>
<ul>
<li>Oscar Romero Oliveira Ribeiro</li>
</ul>
<ul>
<li>Rafaela Raiza da Silva Araújo</li>
</ul>
<p>&nbsp;</p>
<p><strong>1ª GESTÃO (2018-2019)</strong>:</p>
<ul>
<li>Presidente: Rafaela Raiza da Silva Araújo e Vice-Presidente: Fritz Holldorf Santos Bragard.</li>
</ul>
<p><strong>2ª GESTÃO (2020-2021): </strong></p>
<ul>
<li>Presidente: Any Carla da Cruz e Vice-Presidente: Fritz Holldorf Santos Bragard.</li>
</ul>
<p><script src="chrome-extension://hhojmcideegachlhfgfdhailpfhgknjm/web_accessible_resources/index.js"></script></p>
<div id="njcdgcofcbnlbpkpdhmlmiblaglnkpnj"></div>
<p>[/vc_column_text][/vc_column][/vc_row]</p>

<p>[vc_row][vc_column][vc_column_text css=&#8221;.vc_custom_1597194544903{margin-top: 0px !important;margin-bottom: 11px !important;border-top-width: 0px !important;border-bottom-width: 11px !important;padding-top: 0px !important;padding-bottom: 11px !important;}&#8221;]Os(As) membros fundadores(as) foram acadêmicos graduandos(as) que participaram da criação e implantação da MANDRÁGORA via curso de Graduação de Medicina Veterinária na Universidade Federal do Vale do São Francisco (UNIVASF), sendo eles(as): Alcione Santana de Macedo Alyciane Amanda Monteiro Maurício Ana Caroline&hellip; <a class="more-link" href="https://mandragora.univasf.edu.br/index.php/membros/">Continuar lendo <span class="screen-reader-text">Membros</span></a></p>
