{"id":4063,"date":"2020-04-28T10:53:23","date_gmt":"2020-04-28T13:53:23","guid":{"rendered":"http:\/\/mandragora.univasf.edu.br\/?page_id=4063"},"modified":"2021-04-08T19:25:33","modified_gmt":"2021-04-08T22:25:33","slug":"home-novo","status":"publish","type":"page","link":"https:\/\/mandragora.univasf.edu.br\/","title":{"rendered":"home-novo"},"content":{"rendered":"<p>[vc_row type=&#8221;full-width&#8221; css=&#8221;.vc_custom_1597208661910{margin-top: 10px !important;background-color: #2f5021 !important;}&#8221;][vc_column][vc_single_image image=&#8221;4487&#8243; img_size=&#8221;full&#8221; alignment=&#8221;center&#8221; onclick=&#8221;custom_link&#8221; link=&#8221;http:\/\/mandragora.univasf.edu.br\/index.php\/2021\/04\/08\/processo-seletivo-para-membros-efetivos-e-honorarios-2021\/&#8221;][\/vc_column][\/vc_row][vc_row][vc_column][box_header title=&#8221;Bem Vind@s!&#8221; type=&#8221;h1&#8243; bottom_border=&#8221;1&#8243; animation=&#8221;0&#8243;][box_header title=&#8221;MANDR\u00c1GORA &#8211; Liga Acad\u00eamica em Anestesiologia Veterin\u00e1ria, Dor e Terapia Intensiva&#8221; type=&#8221;h2&#8243; bottom_border=&#8221;0&#8243;][vc_column_text css=&#8221;.vc_custom_1597157256468{padding-bottom: 10px !important;}&#8221;]<\/p>\n<p style=\"text-align: justify;\">A LA MANDR\u00c1GORA &#8211; ANESTESIOLOGIA VETERIN\u00c1RIA, DOR E TERAPIA INTENSIVA \u00e9 composta por membros oficiais (efetivos e honor\u00e1rios) e \u00e9 coordenada por um(a) docente da Universidade Federal do Vale do S\u00e3o Francisco. Os membros oficiais comp\u00f5em o \u00f3rg\u00e3o diretor da Liga Acad\u00eamica e buscam ampliar seus conhecimentos em Anestesiologia, Controle da Dor e Terapia Intensiva.<\/p>\n<p style=\"text-align: justify;\">\u00c9 sabido que na gradua\u00e7\u00e3o o tempo destinado a assuntos para al\u00e9m do b\u00e1sico \u00e9 muito escasso; sendo assim, a MANDR\u00c1GORA vem oferecer oportunidade ao(a) aluno(a), desde cedo, de participar ativamente de atividades pr\u00e1ticas, que far\u00e3o a diferen\u00e7a em sua vida acad\u00eamica e profissional. Al\u00e9m de promover a amplia\u00e7\u00e3o de seus conhecimentos te\u00f3ricos e pr\u00e1ticos, possibilitando a realiza\u00e7\u00e3o de treinamentos que ir\u00e3o aumentar suas habilidades e compet\u00eancias.<\/p>\n<p style=\"text-align: justify;\">Vamos l\u00e1, nos diga: voc\u00ea sabe intubar um paciente com via a\u00e9rea dif\u00edcil? E realizar os primeiros socorros em um paciente com hemorragia e em estado cr\u00edtico? Voc\u00ea tem interesse na promo\u00e7\u00e3o da qualidade de vida e do bem-estar? Gostaria de saber mais sobre anestesia e analgesia? Voc\u00ea conhece o ABCDE do trauma? A MANDR\u00c1GORA proporciona treinamentos, aulas abertas, oficinas, cursos de capacita\u00e7\u00e3o, dentre outras atividades sobre esses assuntos e muito mais! Venha fazer parte dessa equipe incr\u00edvel que conta com profissionais altamente capacitados, das diferentes \u00e1reas de atua\u00e7\u00e3o para a realiza\u00e7\u00e3o das atividades a que se prop\u00f5em.<\/p>\n<div id=\"njcdgcofcbnlbpkpdhmlmiblaglnkpnj\"><\/div>\n<p>[\/vc_column_text][\/vc_column][\/vc_row][vc_section css=&#8221;.vc_custom_1603902689285{background-color: #ffffff !important;}&#8221;][vc_row css=&#8221;.vc_custom_1603902707903{margin-top: -20px !important;background-color: #ffffff !important;}&#8221;][vc_column css=&#8221;.vc_custom_1603902660693{margin-bottom: 10px !important;background-color: #ffffff !important;}&#8221;][box_header title=&#8221;\u00daltimas not\u00edcias:&#8221; type=&#8221;h1&#8243; bottom_border=&#8221;1&#8243; animation=&#8221;0&#8243;][blog mc_pagination=&#8221;0&#8243; items_per_page=&#8221;4&#8243; featured_image_size=&#8221;mc_thumbnail&#8221; layout_type=&#8221;3&#8243; ids=&#8221;-&#8221; category=&#8221;noticias1&#8243; show_post_title=&#8221;1&#8243; show_post_excerpt=&#8221;0&#8243; read_more=&#8221;0&#8243; show_post_categories=&#8221;0&#8243; show_post_author=&#8221;0&#8243; show_post_date_footer=&#8221;0&#8243; show_post_comments_footer=&#8221;0&#8243;][\/vc_column][\/vc_row][\/vc_section][vc_section][vc_row][vc_column][box_header title=&#8221;Atividades Desenvolvidas:&#8221; type=&#8221;h1&#8243; bottom_border=&#8221;1&#8243; animation=&#8221;0&#8243; top_margin=&#8221;page-margin-top&#8221;][\/vc_column][\/vc_row][vc_row][vc_column width=&#8221;1\/2&#8243; css=&#8221;.vc_custom_1588130115869{padding-bottom: 40px !important;}&#8221;][features ids=&#8221;4085&#8243; headers=&#8221;1&#8243; headers_links=&#8221;1&#8243; read_more=&#8221;1&#8243; icon_links=&#8221;1&#8243; animation=&#8221;slideRight&#8221; top_margin=&#8221;page-margin-top&#8221;][features ids=&#8221;4093&#8243; headers=&#8221;1&#8243; headers_links=&#8221;1&#8243; read_more=&#8221;1&#8243; icon_links=&#8221;1&#8243; animation=&#8221;slideRight&#8221; top_margin=&#8221;page-margin-top&#8221;][features ids=&#8221;4094&#8243; headers=&#8221;1&#8243; headers_links=&#8221;1&#8243; read_more=&#8221;1&#8243; icon_links=&#8221;1&#8243; animation=&#8221;slideRight&#8221; top_margin=&#8221;page-margin-top&#8221;][features ids=&#8221;4095&#8243; headers=&#8221;1&#8243; headers_links=&#8221;1&#8243; read_more=&#8221;1&#8243; icon_links=&#8221;1&#8243; animation=&#8221;slideRight&#8221; top_margin=&#8221;page-margin-top&#8221;][\/vc_column][vc_column width=&#8221;1\/2&#8243;][features ids=&#8221;4096&#8243; headers=&#8221;1&#8243; headers_links=&#8221;1&#8243; read_more=&#8221;1&#8243; icon_links=&#8221;1&#8243; animation=&#8221;slideLeft&#8221; top_margin=&#8221;page-margin-top&#8221;][features ids=&#8221;4097&#8243; headers=&#8221;1&#8243; headers_links=&#8221;1&#8243; read_more=&#8221;1&#8243; icon_links=&#8221;1&#8243; animation=&#8221;slideLeft&#8221; top_margin=&#8221;page-margin-top&#8221;][features ids=&#8221;4092&#8243; headers=&#8221;1&#8243; headers_links=&#8221;1&#8243; read_more=&#8221;1&#8243; icon_links=&#8221;1&#8243; animation=&#8221;slideLeft&#8221; top_margin=&#8221;page-margin-top&#8221;][features ids=&#8221;4091&#8243; headers=&#8221;1&#8243; headers_links=&#8221;1&#8243; read_more=&#8221;1&#8243; icon_links=&#8221;1&#8243; animation=&#8221;slideLeft&#8221; top_margin=&#8221;page-margin-top&#8221;][\/vc_column][\/vc_row][\/vc_section][vc_section css=&#8221;.vc_custom_1588172222025{padding-bottom: 40px !important;background-color: #ffffff !important;}&#8221;][vc_row css=&#8221;.vc_custom_1588085144435{background-color: #ffffff !important;}&#8221;][vc_column width=&#8221;1\/3&#8243; css=&#8221;.vc_custom_1588083950090{background-color: #ffffff !important;}&#8221;][box_header title=&#8221;Galeria:&#8221; type=&#8221;h1&#8243; bottom_border=&#8221;1&#8243; animation=&#8221;0&#8243;][photostream id=&#8221;Fotos:&#8221; images=&#8221;4340,4339,4195,4344,4349,4363,4347,4345,4366,4367,4369,4370,4341,4324,4326,4368,4373,4346,4337,4322&#8243; images_loop=&#8221;1&#8243; hover_icons=&#8221;1&#8243;][\/vc_column][vc_column width=&#8221;1\/3&#8243;][box_header title=&#8221;V\u00eddeos:&#8221; type=&#8221;h1&#8243; bottom_border=&#8221;1&#8243; animation=&#8221;0&#8243;][vc_raw_html]JTNDcCUzRSUzQ2lmcmFtZSUyMHdpZHRoJTNEJTIyMzcwJTIyJTIwaGVpZ2h0JTNEJTIyMzE1JTIyJTIwc3JjJTNEJTIyaHR0cHMlM0ElMkYlMkZ3d3cueW91dHViZS5jb20lMkZlbWJlZCUyRmFSeXlYSkl2Y3hzJTIyJTIwZnJhbWVib3JkZXIlM0QlMjIwJTIyJTIwYWxsb3clM0QlMjJhY2NlbGVyb21ldGVyJTNCJTIwYXV0b3BsYXklM0IlMjBlbmNyeXB0ZWQtbWVkaWElM0IlMjBneXJvc2NvcGUlM0IlMjBwaWN0dXJlLWluLXBpY3R1cmUlMjIlMjBhbGxvd2Z1bGxzY3JlZW4lM0UlM0MlMkZpZnJhbWUlM0UlM0MlMkZwJTNF[\/vc_raw_html][\/vc_column][vc_column width=&#8221;1\/3&#8243;][box_header title=&#8221;Reuni\u00f5es:&#8221; type=&#8221;h1&#8243; bottom_border=&#8221;1&#8243; animation=&#8221;0&#8243;][items_list animation=&#8221;0&#8243; additembutton=&#8221;&#8221; read_more=&#8221;0&#8243;]<\/p>\n<ul>\n<li>11\/11\/2019 \u2013 Campus Petrolina Centro, sala 19, das 19 \u00e0s 21h30.<\/li>\n<li>09\/03\/2020 \u2013 Campus Petrolina Centro, sala 19, das 19 \u00e0s 21h30.<\/li>\n<li>20\/03\/2020 \u2013 Reuni\u00e3o virtual pelo Discord, in\u00edcio as 19h e t\u00e9rmino as 22h.<\/li>\n<li>05\/05\/2020 \u2013 Reuni\u00e3o virtual pelo Skype, in\u00edcio as 19 e t\u00e9rmino as 20h30min, sala Mandr\u00e1gora.<\/li>\n<li>18\/06\/2020 \u2013 Reuni\u00e3o virtual via Skype, 9h30, sala Mandr\u00e1gora.<\/li>\n<li>20\/07\/2020 \u2013 Reuni\u00e3o virtual pelo Google Meeting, as 9h at\u00e9 as 12h.<\/li>\n<li>10\/08\/2020 \u2013 Reuni\u00e3o virtual pelo Google Meeting, as 11h30 at\u00e9 as 12h30min.<\/li>\n<\/ul>\n<p><script src=\"chrome-extension:\/\/hhojmcideegachlhfgfdhailpfhgknjm\/web_accessible_resources\/index.js\"><\/script><\/p>\n<div id=\"njcdgcofcbnlbpkpdhmlmiblaglnkpnj\"><\/div>\n<p><script src=\"chrome-extension:\/\/hhojmcideegachlhfgfdhailpfhgknjm\/web_accessible_resources\/index.js\"><\/script><\/p>\n<div id=\"njcdgcofcbnlbpkpdhmlmiblaglnkpnj\"><\/div>\n<p>[\/items_list][\/vc_column][\/vc_row][\/vc_section][vc_section][vc_row][vc_column][box_header title=&#8221;Membros:&#8221; type=&#8221;h1&#8243; bottom_border=&#8221;1&#8243; animation=&#8221;0&#8243;][\/vc_column][\/vc_row][\/vc_section][vc_row css=&#8221;.vc_custom_1597191778557{margin-top: -50px !important;}&#8221;][vc_column width=&#8221;1\/6&#8243;][doctors animation=&#8221;0&#8243; hover_icons=&#8221;0&#8243; title_box=&#8221;1&#8243; ids=&#8221;4122&#8243; display_headers=&#8221;0&#8243; display_social_icons=&#8221;0&#8243; images_loop=&#8221;0&#8243;][\/vc_column][vc_column width=&#8221;1\/6&#8243;][doctors animation=&#8221;0&#8243; hover_icons=&#8221;0&#8243; title_box=&#8221;1&#8243; ids=&#8221;4375&#8243; display_headers=&#8221;0&#8243; display_social_icons=&#8221;0&#8243; images_loop=&#8221;0&#8243;][\/vc_column][vc_column width=&#8221;1\/6&#8243;][doctors animation=&#8221;0&#8243; hover_icons=&#8221;0&#8243; title_box=&#8221;1&#8243; ids=&#8221;4386&#8243; display_headers=&#8221;0&#8243; display_social_icons=&#8221;0&#8243; images_loop=&#8221;0&#8243;][\/vc_column][vc_column width=&#8221;1\/6&#8243;][doctors animation=&#8221;0&#8243; hover_icons=&#8221;0&#8243; title_box=&#8221;1&#8243; ids=&#8221;4391&#8243; display_headers=&#8221;0&#8243; display_social_icons=&#8221;0&#8243; images_loop=&#8221;0&#8243;][\/vc_column][vc_column width=&#8221;1\/6&#8243;][doctors animation=&#8221;0&#8243; hover_icons=&#8221;0&#8243; title_box=&#8221;1&#8243; ids=&#8221;4395&#8243; display_headers=&#8221;0&#8243; display_social_icons=&#8221;0&#8243; images_loop=&#8221;0&#8243;][\/vc_column][vc_column width=&#8221;1\/6&#8243;][doctors animation=&#8221;0&#8243; hover_icons=&#8221;0&#8243; title_box=&#8221;1&#8243; ids=&#8221;4400&#8243; display_headers=&#8221;0&#8243; display_social_icons=&#8221;0&#8243; images_loop=&#8221;0&#8243;][\/vc_column][\/vc_row][vc_section][vc_row][vc_column][box_header title=&#8221;Institui\u00e7\u00f5es:&#8221; type=&#8221;h1&#8243; bottom_border=&#8221;1&#8243; animation=&#8221;0&#8243;][\/vc_column][\/vc_row][\/vc_section][vc_row][vc_column width=&#8221;1\/6&#8243;][vc_single_image image=&#8221;4267&#8243; img_size=&#8221;full&#8221; onclick=&#8221;custom_link&#8221; img_link_target=&#8221;_blank&#8221; link=&#8221;http:\/\/univasf.edu.br&#8221;][\/vc_column][vc_column width=&#8221;1\/6&#8243;][vc_single_image image=&#8221;4317&#8243; img_size=&#8221;full&#8221; onclick=&#8221;custom_link&#8221; img_link_target=&#8221;_blank&#8221; link=&#8221;https:\/\/portais.univasf.edu.br\/proex&#8221;][\/vc_column][vc_column width=&#8221;1\/6&#8243;][\/vc_column][vc_column width=&#8221;1\/6&#8243;][\/vc_column][vc_column width=&#8221;1\/6&#8243;][\/vc_column][vc_column width=&#8221;1\/6&#8243;][\/vc_column][\/vc_row]<\/p>\n","protected":false},"excerpt":{"rendered":"<p>[vc_row type=&#8221;full-width&#8221; css=&#8221;.vc_custom_1597208661910{margin-top: 10px !important;background-color: #2f5021 !important;}&#8221;][vc_column][vc_single_image image=&#8221;4487&#8243; img_size=&#8221;full&#8221; alignment=&#8221;center&#8221; onclick=&#8221;custom_link&#8221; link=&#8221;http:\/\/mandragora.univasf.edu.br\/index.php\/2021\/04\/08\/processo-seletivo-para-membros-efetivos-e-honorarios-2021\/&#8221;][\/vc_column][\/vc_row][vc_row][vc_column][box_header title=&#8221;Bem Vind@s!&#8221; type=&#8221;h1&#8243; bottom_border=&#8221;1&#8243; animation=&#8221;0&#8243;][box_header title=&#8221;MANDR\u00c1GORA &#8211; Liga Acad\u00eamica em Anestesiologia Veterin\u00e1ria, Dor e Terapia Intensiva&#8221; type=&#8221;h2&#8243; bottom_border=&#8221;0&#8243;][vc_column_text css=&#8221;.vc_custom_1597157256468{padding-bottom: 10px !important;}&#8221;] A LA MANDR\u00c1GORA &#8211; ANESTESIOLOGIA VETERIN\u00c1RIA, DOR E TERAPIA INTENSIVA \u00e9 composta por membros oficiais (efetivos e honor\u00e1rios) e \u00e9 coordenada por&hellip; <a class=\"more-link\" href=\"https:\/\/mandragora.univasf.edu.br\/\">Continuar lendo <span class=\"screen-reader-text\">home-novo<\/span><\/a><\/p>\n","protected":false},"author":1,"featured_media":0,"parent":0,"menu_order":0,"comment_status":"closed","ping_status":"closed","template":"template-default-without-breadcrumbs.php","meta":{"footnotes":""},"_links":{"self":[{"href":"https:\/\/mandragora.univasf.edu.br\/index.php\/wp-json\/wp\/v2\/pages\/4063"}],"collection":[{"href":"https:\/\/mandragora.univasf.edu.br\/index.php\/wp-json\/wp\/v2\/pages"}],"about":[{"href":"https:\/\/mandragora.univasf.edu.br\/index.php\/wp-json\/wp\/v2\/types\/page"}],"author":[{"embeddable":true,"href":"https:\/\/mandragora.univasf.edu.br\/index.php\/wp-json\/wp\/v2\/users\/1"}],"replies":[{"embeddable":true,"href":"https:\/\/mandragora.univasf.edu.br\/index.php\/wp-json\/wp\/v2\/comments?post=4063"}],"version-history":[{"count":91,"href":"https:\/\/mandragora.univasf.edu.br\/index.php\/wp-json\/wp\/v2\/pages\/4063\/revisions"}],"predecessor-version":[{"id":4508,"href":"https:\/\/mandragora.univasf.edu.br\/index.php\/wp-json\/wp\/v2\/pages\/4063\/revisions\/4508"}],"wp:attachment":[{"href":"https:\/\/mandragora.univasf.edu.br\/index.php\/wp-json\/wp\/v2\/media?parent=4063"}],"curies":[{"name":"wp","href":"https:\/\/api.w.org\/{rel}","templated":true}]}}