{"id":4135,"date":"2020-04-29T00:26:46","date_gmt":"2020-04-29T03:26:46","guid":{"rendered":"http:\/\/mandragora.univasf.edu.br\/?page_id=4135"},"modified":"2020-08-11T21:40:39","modified_gmt":"2020-08-12T00:40:39","slug":"sobre-nos-2","status":"publish","type":"page","link":"https:\/\/mandragora.univasf.edu.br\/index.php\/sobre-nos-2\/","title":{"rendered":"Sobre n\u00f3s"},"content":{"rendered":"<p>[vc_row full_height=&#8221;yes&#8221; columns_placement=&#8221;top&#8221; content_placement=&#8221;middle&#8221;][vc_column][vc_column_text]<\/p>\n<p style=\"text-align: justify;\">A Liga Acad\u00eamica MANDR\u00c1GORA &#8211; Anestesiologia Veterin\u00e1ria, Dor e Terapia Intensiva foi fundada em 27 de agosto de 2018 por acad\u00eamicos do curso de gradua\u00e7\u00e3o em Medicina Veterin\u00e1ria ao qual se vincula, sendo aprovada na C\u00e2mara de Extens\u00e3o em 03 de abril de 2019 da Universidade Federal do Vale do S\u00e3o Francisco o que permitiu o in\u00edcio de suas atividades para seu lan\u00e7amento em 04\/06\/2019 com a aula aberta \u201cDA ROTINA A EMERG\u00caNCIA\u201d. \u00c9 uma institui\u00e7\u00e3o civil sem fins lucrativos, com sede e foro na cidade de Petrolina, estado de Pernambuco. Possui car\u00e1ter multidisciplinar, prazo de funcionamento indeterminado, com autonomia administrativa e financeira, podendo firmar conv\u00eanios com institui\u00e7\u00f5es p\u00fablicas e privadas para a realiza\u00e7\u00e3o das suas atividades.<\/p>\n<p style=\"text-align: justify;\">A MANDRAGORA tem como objetivos fundamentais proporcionar o enriquecimento e o aprofundamento da forma\u00e7\u00e3o acad\u00eamica no conhecimento das \u00e1reas de anestesiologia, controle de dor e terapia intensiva em prol do bem-estar animal; bem como, a difus\u00e3o da educa\u00e7\u00e3o continuada ao promover treinamentos t\u00e9cnicos, eventos e aulas abertas que abarquem temas atuais e\/ou de interesse da comunidade em geral. Al\u00e9m disso, a presente Liga tem como atividade \u00edmpar a execu\u00e7\u00e3o do Ambulat\u00f3rio Veterin\u00e1rio Itinerante, que apresenta uma rota que abarca diferentes bairros da cidade de Petrolina\/PE e regi\u00e3o, no intuito de orientar tutores em casos de baixa complexidade desde os cuidados pedi\u00e1tricos at\u00e9 os geri\u00e1tricos; o manejo nutricional; a higiene bucal; corporal e ambiental; sobre esquemas de vacina\u00e7\u00e3o e vermifuga\u00e7\u00e3o; al\u00e9m de distribuir a esses tutores(as) um material impresso com informa\u00e7\u00f5es b\u00e1sicas a respeito do que foi repassado na orienta\u00e7\u00e3o, possibilitando que esses eles(as) possam se transformar em multiplicadores(as) aumentando o alcance dessas orienta\u00e7\u00f5es; integrando a universidade com a comunidade.<\/p>\n<p>[\/vc_column_text][\/vc_column][\/vc_row]<\/p>\n","protected":false},"excerpt":{"rendered":"<p>[vc_row full_height=&#8221;yes&#8221; columns_placement=&#8221;top&#8221; content_placement=&#8221;middle&#8221;][vc_column][vc_column_text] A Liga Acad\u00eamica MANDR\u00c1GORA &#8211; Anestesiologia Veterin\u00e1ria, Dor e Terapia Intensiva foi fundada em 27 de agosto de 2018 por acad\u00eamicos do curso de gradua\u00e7\u00e3o em Medicina Veterin\u00e1ria ao qual se vincula, sendo aprovada na C\u00e2mara de Extens\u00e3o em 03 de abril de 2019 da Universidade Federal do Vale do S\u00e3o&hellip; <a class=\"more-link\" href=\"https:\/\/mandragora.univasf.edu.br\/index.php\/sobre-nos-2\/\">Continuar lendo <span class=\"screen-reader-text\">Sobre n\u00f3s<\/span><\/a><\/p>\n","protected":false},"author":1,"featured_media":0,"parent":0,"menu_order":0,"comment_status":"closed","ping_status":"closed","template":"","meta":{"footnotes":""},"_links":{"self":[{"href":"https:\/\/mandragora.univasf.edu.br\/index.php\/wp-json\/wp\/v2\/pages\/4135"}],"collection":[{"href":"https:\/\/mandragora.univasf.edu.br\/index.php\/wp-json\/wp\/v2\/pages"}],"about":[{"href":"https:\/\/mandragora.univasf.edu.br\/index.php\/wp-json\/wp\/v2\/types\/page"}],"author":[{"embeddable":true,"href":"https:\/\/mandragora.univasf.edu.br\/index.php\/wp-json\/wp\/v2\/users\/1"}],"replies":[{"embeddable":true,"href":"https:\/\/mandragora.univasf.edu.br\/index.php\/wp-json\/wp\/v2\/comments?post=4135"}],"version-history":[{"count":5,"href":"https:\/\/mandragora.univasf.edu.br\/index.php\/wp-json\/wp\/v2\/pages\/4135\/revisions"}],"predecessor-version":[{"id":4223,"href":"https:\/\/mandragora.univasf.edu.br\/index.php\/wp-json\/wp\/v2\/pages\/4135\/revisions\/4223"}],"wp:attachment":[{"href":"https:\/\/mandragora.univasf.edu.br\/index.php\/wp-json\/wp\/v2\/media?parent=4135"}],"curies":[{"name":"wp","href":"https:\/\/api.w.org\/{rel}","templated":true}]}}