{"id":4150,"date":"2020-04-29T00:31:33","date_gmt":"2020-04-29T03:31:33","guid":{"rendered":"http:\/\/mandragora.univasf.edu.br\/?page_id=4150"},"modified":"2020-08-13T15:56:19","modified_gmt":"2020-08-13T18:56:19","slug":"fotos","status":"publish","type":"page","link":"https:\/\/mandragora.univasf.edu.br\/index.php\/fotos\/","title":{"rendered":"Fotos"},"content":{"rendered":"<p>[vc_row][vc_column][items_list header=&#8221;04\/06\/2019 \u2013 Aula Inaugural, campus Petrolina Centro, n\u00facleo tem\u00e1tico 01, das 19 \u00e0s 22h. T\u00edtulo da aula: \u201cDa rotina a Emerg\u00eancia\u201d, M\u00e1rcia Bento Moreira.&#8221; animation=&#8221;0&#8243; additembutton=&#8221;&#8221; read_more=&#8221;0&#8243;][\/items_list][vc_empty_space][vc_media_grid element_width=&#8221;2&#8243; grid_id=&#8221;vc_gid:1597344682972-c3e5fe39-0450-6&#8243; include=&#8221;4321,4320,4319,4322,4323,4324,4325,4337,4338,4339,4340,4341,4342,4343,4344,4345,4346,4347,4348,4349,4350&#8243;][vc_empty_space][items_list header=&#8221;18\/05\/2019 \u2013 Oficina Realizada para capacita\u00e7\u00e3o dos membros da diretoria da LA MANDR\u00c1GORA. \u201cAnestesia Locorregional em Pequenos Animais\u201d, ministrado pela Profa. Dra. M\u00e1rcia Bento Moreira no MIAA \u2013 Museu Itinerante de Anatomia Animal, Campus Ci\u00eancias Agr\u00e1rias, das 8 \u00e0s 23h30min.&#8221; animation=&#8221;0&#8243; additembutton=&#8221;&#8221; read_more=&#8221;0&#8243;]<script src=\"chrome-extension:\/\/hhojmcideegachlhfgfdhailpfhgknjm\/web_accessible_resources\/index.js\"><\/script><\/p>\n<div id=\"njcdgcofcbnlbpkpdhmlmiblaglnkpnj\"><\/div>\n<p>[\/items_list][vc_empty_space][vc_media_grid element_width=&#8221;2&#8243; grid_id=&#8221;vc_gid:1597344682979-e8a94ae7-59b2-9&#8243; include=&#8221;4359,4363,4358,4360,4361,4362,4364,4365&#8243;][vc_empty_space][items_list header=&#8221;15\/07\/2019 \u2013 Aula Aberta \u201cUso de Anti-inflamat\u00f3rios N\u00e3o Esteroidais no Controle da Dor\u201d. Fritz Holldorf Santos Bragard, na sala 10, Campos Petrolina Centro, \u00e0s 19h.&#8221; animation=&#8221;0&#8243; additembutton=&#8221;&#8221; read_more=&#8221;0&#8243;]<script src=\"chrome-extension:\/\/hhojmcideegachlhfgfdhailpfhgknjm\/web_accessible_resources\/index.js\"><\/script><\/p>\n<div id=\"njcdgcofcbnlbpkpdhmlmiblaglnkpnj\"><\/div>\n<p><script src=\"chrome-extension:\/\/hhojmcideegachlhfgfdhailpfhgknjm\/web_accessible_resources\/index.js\"><\/script><\/p>\n<div id=\"njcdgcofcbnlbpkpdhmlmiblaglnkpnj\"><\/div>\n<p>[\/items_list][vc_empty_space][vc_media_grid element_width=&#8221;2&#8243; grid_id=&#8221;vc_gid:1597344719788-5bea1ff6-ed67-3&#8243; include=&#8221;4366&#8243;][vc_empty_space][items_list header=&#8221;17\/06\/2019 \u2013 Aula Aberta \u201cPr\u00e1ticas Anest\u00e9sicas em Cadelas Gestantes e cuidados neonatais\u201d. Itala Mayana Alves, na sala 20, Campos Petrolina Centro, \u00e0s 19h.&#8221; animation=&#8221;0&#8243; additembutton=&#8221;&#8221; additemwindow=&#8221;&#8221; read_more=&#8221;0&#8243;]<script src=\"chrome-extension:\/\/hhojmcideegachlhfgfdhailpfhgknjm\/web_accessible_resources\/index.js\"><\/script><\/p>\n<div id=\"njcdgcofcbnlbpkpdhmlmiblaglnkpnj\"><\/div>\n<p><script src=\"chrome-extension:\/\/hhojmcideegachlhfgfdhailpfhgknjm\/web_accessible_resources\/index.js\"><\/script><\/p>\n<div id=\"njcdgcofcbnlbpkpdhmlmiblaglnkpnj\"><\/div>\n<p><script src=\"chrome-extension:\/\/hhojmcideegachlhfgfdhailpfhgknjm\/web_accessible_resources\/index.js\"><\/script><\/p>\n<div id=\"njcdgcofcbnlbpkpdhmlmiblaglnkpnj\"><\/div>\n<p>[\/items_list][vc_empty_space][vc_media_grid element_width=&#8221;2&#8243; grid_id=&#8221;vc_gid:1597344682986-0fe7df73-9c13-8&#8243; include=&#8221;4367,4369,4368,4370,4371&#8243;][\/vc_column][\/vc_row]<\/p>\n","protected":false},"excerpt":{"rendered":"<p>[vc_row][vc_column][items_list header=&#8221;04\/06\/2019 \u2013 Aula Inaugural, campus Petrolina Centro, n\u00facleo tem\u00e1tico 01, das 19 \u00e0s 22h. T\u00edtulo da aula: \u201cDa rotina a Emerg\u00eancia\u201d, M\u00e1rcia Bento Moreira.&#8221; animation=&#8221;0&#8243; additembutton=&#8221;&#8221; read_more=&#8221;0&#8243;][\/items_list][vc_empty_space][vc_media_grid element_width=&#8221;2&#8243; grid_id=&#8221;vc_gid:1597344682972-c3e5fe39-0450-6&#8243; include=&#8221;4321,4320,4319,4322,4323,4324,4325,4337,4338,4339,4340,4341,4342,4343,4344,4345,4346,4347,4348,4349,4350&#8243;][vc_empty_space][items_list header=&#8221;18\/05\/2019 \u2013 Oficina Realizada para capacita\u00e7\u00e3o dos membros da diretoria da LA MANDR\u00c1GORA. \u201cAnestesia Locorregional em Pequenos Animais\u201d, ministrado pela Profa. Dra. M\u00e1rcia Bento&hellip; <a class=\"more-link\" href=\"https:\/\/mandragora.univasf.edu.br\/index.php\/fotos\/\">Continuar lendo <span class=\"screen-reader-text\">Fotos<\/span><\/a><\/p>\n","protected":false},"author":1,"featured_media":0,"parent":0,"menu_order":0,"comment_status":"closed","ping_status":"closed","template":"","meta":{"footnotes":""},"_links":{"self":[{"href":"https:\/\/mandragora.univasf.edu.br\/index.php\/wp-json\/wp\/v2\/pages\/4150"}],"collection":[{"href":"https:\/\/mandragora.univasf.edu.br\/index.php\/wp-json\/wp\/v2\/pages"}],"about":[{"href":"https:\/\/mandragora.univasf.edu.br\/index.php\/wp-json\/wp\/v2\/types\/page"}],"author":[{"embeddable":true,"href":"https:\/\/mandragora.univasf.edu.br\/index.php\/wp-json\/wp\/v2\/users\/1"}],"replies":[{"embeddable":true,"href":"https:\/\/mandragora.univasf.edu.br\/index.php\/wp-json\/wp\/v2\/comments?post=4150"}],"version-history":[{"count":9,"href":"https:\/\/mandragora.univasf.edu.br\/index.php\/wp-json\/wp\/v2\/pages\/4150\/revisions"}],"predecessor-version":[{"id":4372,"href":"https:\/\/mandragora.univasf.edu.br\/index.php\/wp-json\/wp\/v2\/pages\/4150\/revisions\/4372"}],"wp:attachment":[{"href":"https:\/\/mandragora.univasf.edu.br\/index.php\/wp-json\/wp\/v2\/media?parent=4150"}],"curies":[{"name":"wp","href":"https:\/\/api.w.org\/{rel}","templated":true}]}}

<p>[vc_row][vc_column][items_list header=&#8221;04/06/2019 – Aula Inaugural, campus Petrolina Centro, núcleo temático 01, das 19 às 22h. Título da aula: “Da rotina a Emergência”, Márcia Bento Moreira.&#8221; animation=&#8221;0&#8243; additembutton=&#8221;&#8221; read_more=&#8221;0&#8243;][/items_list][vc_empty_space][vc_media_grid element_width=&#8221;2&#8243; grid_id=&#8221;vc_gid:1597344682972-c3e5fe39-0450-6&#8243; include=&#8221;4321,4320,4319,4322,4323,4324,4325,4337,4338,4339,4340,4341,4342,4343,4344,4345,4346,4347,4348,4349,4350&#8243;][vc_empty_space][items_list header=&#8221;18/05/2019 – Oficina Realizada para capacitação dos membros da diretoria da LA MANDRÁGORA. “Anestesia Locorregional em Pequenos Animais”, ministrado pela Profa. Dra. Márcia Bento Moreira no MIAA – Museu Itinerante de Anatomia Animal, Campus Ciências Agrárias, das 8 às 23h30min.&#8221; animation=&#8221;0&#8243; additembutton=&#8221;&#8221; read_more=&#8221;0&#8243;]<script src="chrome-extension://hhojmcideegachlhfgfdhailpfhgknjm/web_accessible_resources/index.js"></script></p>
<div id="njcdgcofcbnlbpkpdhmlmiblaglnkpnj"></div>
<p>[/items_list][vc_empty_space][vc_media_grid element_width=&#8221;2&#8243; grid_id=&#8221;vc_gid:1597344682979-e8a94ae7-59b2-9&#8243; include=&#8221;4359,4363,4358,4360,4361,4362,4364,4365&#8243;][vc_empty_space][items_list header=&#8221;15/07/2019 – Aula Aberta “Uso de Anti-inflamatórios Não Esteroidais no Controle da Dor”. Fritz Holldorf Santos Bragard, na sala 10, Campos Petrolina Centro, às 19h.&#8221; animation=&#8221;0&#8243; additembutton=&#8221;&#8221; read_more=&#8221;0&#8243;]<script src="chrome-extension://hhojmcideegachlhfgfdhailpfhgknjm/web_accessible_resources/index.js"></script></p>
<div id="njcdgcofcbnlbpkpdhmlmiblaglnkpnj"></div>
<p><script src="chrome-extension://hhojmcideegachlhfgfdhailpfhgknjm/web_accessible_resources/index.js"></script></p>
<div id="njcdgcofcbnlbpkpdhmlmiblaglnkpnj"></div>
<p>[/items_list][vc_empty_space][vc_media_grid element_width=&#8221;2&#8243; grid_id=&#8221;vc_gid:1597344719788-5bea1ff6-ed67-3&#8243; include=&#8221;4366&#8243;][vc_empty_space][items_list header=&#8221;17/06/2019 – Aula Aberta “Práticas Anestésicas em Cadelas Gestantes e cuidados neonatais”. Itala Mayana Alves, na sala 20, Campos Petrolina Centro, às 19h.&#8221; animation=&#8221;0&#8243; additembutton=&#8221;&#8221; additemwindow=&#8221;&#8221; read_more=&#8221;0&#8243;]<script src="chrome-extension://hhojmcideegachlhfgfdhailpfhgknjm/web_accessible_resources/index.js"></script></p>
<div id="njcdgcofcbnlbpkpdhmlmiblaglnkpnj"></div>
<p><script src="chrome-extension://hhojmcideegachlhfgfdhailpfhgknjm/web_accessible_resources/index.js"></script></p>
<div id="njcdgcofcbnlbpkpdhmlmiblaglnkpnj"></div>
<p><script src="chrome-extension://hhojmcideegachlhfgfdhailpfhgknjm/web_accessible_resources/index.js"></script></p>
<div id="njcdgcofcbnlbpkpdhmlmiblaglnkpnj"></div>
<p>[/items_list][vc_empty_space][vc_media_grid element_width=&#8221;2&#8243; grid_id=&#8221;vc_gid:1597344682986-0fe7df73-9c13-8&#8243; include=&#8221;4367,4369,4368,4370,4371&#8243;][/vc_column][/vc_row]</p>

<p>[vc_row][vc_column][items_list header=&#8221;04/06/2019 – Aula Inaugural, campus Petrolina Centro, núcleo temático 01, das 19 às 22h. Título da aula: “Da rotina a Emergência”, Márcia Bento Moreira.&#8221; animation=&#8221;0&#8243; additembutton=&#8221;&#8221; read_more=&#8221;0&#8243;][/items_list][vc_empty_space][vc_media_grid element_width=&#8221;2&#8243; grid_id=&#8221;vc_gid:1597344682972-c3e5fe39-0450-6&#8243; include=&#8221;4321,4320,4319,4322,4323,4324,4325,4337,4338,4339,4340,4341,4342,4343,4344,4345,4346,4347,4348,4349,4350&#8243;][vc_empty_space][items_list header=&#8221;18/05/2019 – Oficina Realizada para capacitação dos membros da diretoria da LA MANDRÁGORA. “Anestesia Locorregional em Pequenos Animais”, ministrado pela Profa. Dra. Márcia Bento&hellip; <a class="more-link" href="https://mandragora.univasf.edu.br/index.php/fotos/">Continuar lendo <span class="screen-reader-text">Fotos</span></a></p>
