{"id":4154,"date":"2020-04-29T00:31:49","date_gmt":"2020-04-29T03:31:49","guid":{"rendered":"http:\/\/mandragora.univasf.edu.br\/?page_id=4154"},"modified":"2020-08-11T22:40:51","modified_gmt":"2020-08-12T01:40:51","slug":"eventos-2","status":"publish","type":"page","link":"https:\/\/mandragora.univasf.edu.br\/index.php\/eventos-2\/","title":{"rendered":"Eventos"},"content":{"rendered":"<p>[vc_row][vc_column][items_list header=&#8221;Aula aberta sobre \u201cVentila\u00e7\u00e3o Mec\u00e2nica\u201d&#8221; animation=&#8221;0&#8243; additembutton=&#8221;&#8221; additemwindow=&#8221;&#8221; read_more=&#8221;0&#8243;][\/items_list][vc_column_text css=&#8221;.vc_custom_1597195995198{margin-top: 0px !important;margin-bottom: 11px !important;border-top-width: 0px !important;border-bottom-width: 11px !important;padding-top: 0px !important;padding-bottom: 11px !important;}&#8221;]<\/p>\n<p style=\"text-align: justify;\">Aula aberta sobre \u201cVentila\u00e7\u00e3o Mec\u00e2nica\u201d de Rodrigo Neca Ribeiro (@rodrigonecaribeiro; realizou est\u00e1gio no Centro de Conserva\u00e7\u00e3o e Reprodu\u00e7\u00e3o de animais selvagens no Instituto Smithsonian, Front Royal VA, EUA, ano de 2013. M\u00e9dico veterin\u00e1rio formado pela Pontificia Universidade Cat\u00f3lica do Paran\u00e1 (2013). P\u00f3s-graduado em cl\u00ednica m\u00e9dica e cir\u00fargica de pequenos animais pelo Instituto Qualittas, Mestre em produ\u00e7\u00e3o sustent\u00e1vel e sa\u00fade animal UEM com \u00eanfase em anestesiologia de fel\u00eddeos neotropicais. Atualmente \u00e9 gerente do setor de vida silvestre e bem estar animal do munic\u00edpio de Cascavel &#8211; Paran\u00e1, professor do curso de Medicina Veterin\u00e1ria na disciplina de Anestesiologia Veterin\u00e1ria no Centro Universit\u00e1rio FAG na cidade de Cascavel. S\u00f3cio propriet\u00e1rio do CAAV e VETCURSO).<\/p>\n<p>[\/vc_column_text][vc_separator border_width=&#8221;2&#8243; css=&#8221;.vc_custom_1597196138195{padding-bottom: 10px !important;}&#8221;][items_list header=&#8221;I Simp\u00f3sio em Anestesiologia Veterin\u00e1ria, Dor e Terapia Intensiva \u2013 I SimpMandr\u00e1gora&#8221; animation=&#8221;0&#8243; additembutton=&#8221;&#8221; additemwindow=&#8221;&#8221; read_more=&#8221;0&#8243;][\/items_list][vc_column_text css=&#8221;.vc_custom_1597196263866{margin-top: 0px !important;margin-bottom: 11px !important;border-top-width: 0px !important;border-bottom-width: 11px !important;padding-top: 0px !important;padding-bottom: 11px !important;}&#8221;]<\/p>\n<p style=\"text-align: justify;\">Nesta primeira edi\u00e7\u00e3o o I Simp\u00f3sio em Anestesiologia Veterin\u00e1ria, Dor e Terapia Intensiva \u2013 I SimpMandr\u00e1gora acontecer\u00e1 em 17 e 18\/10\/2020, on-line. Ele est\u00e1 sendo organizado pelos membros oficiais da MANDR\u00c1GORA, ter\u00e1 como tem\u00e1tica central \u2018\u2019Bem-Estar: O(A) profissional da Sa\u00fade e as Cinco Liberdades&#8221;, trazendo \u00e0 luz mesas redondas interdisciplinares riqu\u00edssimas que abarcar\u00e3o discuss\u00f5es tais como: Bem-estar humano, levando em considera\u00e7\u00e3o a S\u00edndrome de Burnout; Bem-estar animal, permeando entre a \u00e9tica profissional, analgesia e qualidade de vida; Como encarar a despedida: a vis\u00e3o do M\u00e9dico Veterin\u00e1rio e do Tutor. O I SimpMandr\u00e1gora contar\u00e1 com palestrantes das diferentes \u00e1reas de forma\u00e7\u00e3o: M\u00e9dicos Veterin\u00e1rios, Psic\u00f3logos, Bi\u00f3logos, Fisioterapeutas, Soci\u00f3logos, Antrop\u00f3logos e Fil\u00f3sofos.<\/p>\n<p style=\"text-align: justify;\">N\u00e3o perca essa oportunidade de conhecer e refletir sobre os princ\u00edpios essenciais para o bem-estar animal e humano, repercutindo na qualidade de vida, permitindo articular o ensino, a pesquisa e a extens\u00e3o como importantes pilares de sua forma\u00e7\u00e3o tecno-cientifica e cidad\u00e3.<\/p>\n<p>Instagram: <a href=\"https:\/\/www.instagram.com\/mandragora.univasf\/\">https:\/\/www.instagram.com\/mandragora.univasf\/<\/a><\/p>\n<p>Facebook: <a href=\"https:\/\/www.facebook.com\/mandragoraligaacademica\">https:\/\/www.facebook.com\/mandragoraligaacademica<\/a><\/p>\n<p>Twitter: <a href=\"https:\/\/twitter.com\/mandragoraLA1\">https:\/\/twitter.com\/mandragoraLA1<\/a>[\/vc_column_text][\/vc_column][\/vc_row]<\/p>\n","protected":false},"excerpt":{"rendered":"<p>[vc_row][vc_column][items_list header=&#8221;Aula aberta sobre \u201cVentila\u00e7\u00e3o Mec\u00e2nica\u201d&#8221; animation=&#8221;0&#8243; additembutton=&#8221;&#8221; additemwindow=&#8221;&#8221; read_more=&#8221;0&#8243;][\/items_list][vc_column_text css=&#8221;.vc_custom_1597195995198{margin-top: 0px !important;margin-bottom: 11px !important;border-top-width: 0px !important;border-bottom-width: 11px !important;padding-top: 0px !important;padding-bottom: 11px !important;}&#8221;] Aula aberta sobre \u201cVentila\u00e7\u00e3o Mec\u00e2nica\u201d de Rodrigo Neca Ribeiro (@rodrigonecaribeiro; realizou est\u00e1gio no Centro de Conserva\u00e7\u00e3o e Reprodu\u00e7\u00e3o de animais selvagens no Instituto Smithsonian, Front Royal VA, EUA, ano de 2013. M\u00e9dico&hellip; <a class=\"more-link\" href=\"https:\/\/mandragora.univasf.edu.br\/index.php\/eventos-2\/\">Continuar lendo <span class=\"screen-reader-text\">Eventos<\/span><\/a><\/p>\n","protected":false},"author":1,"featured_media":0,"parent":0,"menu_order":0,"comment_status":"closed","ping_status":"closed","template":"","meta":{"footnotes":""},"_links":{"self":[{"href":"https:\/\/mandragora.univasf.edu.br\/index.php\/wp-json\/wp\/v2\/pages\/4154"}],"collection":[{"href":"https:\/\/mandragora.univasf.edu.br\/index.php\/wp-json\/wp\/v2\/pages"}],"about":[{"href":"https:\/\/mandragora.univasf.edu.br\/index.php\/wp-json\/wp\/v2\/types\/page"}],"author":[{"embeddable":true,"href":"https:\/\/mandragora.univasf.edu.br\/index.php\/wp-json\/wp\/v2\/users\/1"}],"replies":[{"embeddable":true,"href":"https:\/\/mandragora.univasf.edu.br\/index.php\/wp-json\/wp\/v2\/comments?post=4154"}],"version-history":[{"count":3,"href":"https:\/\/mandragora.univasf.edu.br\/index.php\/wp-json\/wp\/v2\/pages\/4154\/revisions"}],"predecessor-version":[{"id":4237,"href":"https:\/\/mandragora.univasf.edu.br\/index.php\/wp-json\/wp\/v2\/pages\/4154\/revisions\/4237"}],"wp:attachment":[{"href":"https:\/\/mandragora.univasf.edu.br\/index.php\/wp-json\/wp\/v2\/media?parent=4154"}],"curies":[{"name":"wp","href":"https:\/\/api.w.org\/{rel}","templated":true}]}}

<p>[vc_row][vc_column][items_list header=&#8221;Aula aberta sobre “Ventilação Mecânica”&#8221; animation=&#8221;0&#8243; additembutton=&#8221;&#8221; additemwindow=&#8221;&#8221; read_more=&#8221;0&#8243;][/items_list][vc_column_text css=&#8221;.vc_custom_1597195995198{margin-top: 0px !important;margin-bottom: 11px !important;border-top-width: 0px !important;border-bottom-width: 11px !important;padding-top: 0px !important;padding-bottom: 11px !important;}&#8221;]</p>
<p style="text-align: justify;">Aula aberta sobre “Ventilação Mecânica” de Rodrigo Neca Ribeiro (@rodrigonecaribeiro; realizou estágio no Centro de Conservação e Reprodução de animais selvagens no Instituto Smithsonian, Front Royal VA, EUA, ano de 2013. Médico veterinário formado pela Pontificia Universidade Católica do Paraná (2013). Pós-graduado em clínica médica e cirúrgica de pequenos animais pelo Instituto Qualittas, Mestre em produção sustentável e saúde animal UEM com ênfase em anestesiologia de felídeos neotropicais. Atualmente é gerente do setor de vida silvestre e bem estar animal do município de Cascavel &#8211; Paraná, professor do curso de Medicina Veterinária na disciplina de Anestesiologia Veterinária no Centro Universitário FAG na cidade de Cascavel. Sócio proprietário do CAAV e VETCURSO).</p>
<p>[/vc_column_text][vc_separator border_width=&#8221;2&#8243; css=&#8221;.vc_custom_1597196138195{padding-bottom: 10px !important;}&#8221;][items_list header=&#8221;I Simpósio em Anestesiologia Veterinária, Dor e Terapia Intensiva – I SimpMandrágora&#8221; animation=&#8221;0&#8243; additembutton=&#8221;&#8221; additemwindow=&#8221;&#8221; read_more=&#8221;0&#8243;][/items_list][vc_column_text css=&#8221;.vc_custom_1597196263866{margin-top: 0px !important;margin-bottom: 11px !important;border-top-width: 0px !important;border-bottom-width: 11px !important;padding-top: 0px !important;padding-bottom: 11px !important;}&#8221;]</p>
<p style="text-align: justify;">Nesta primeira edição o I Simpósio em Anestesiologia Veterinária, Dor e Terapia Intensiva – I SimpMandrágora acontecerá em 17 e 18/10/2020, on-line. Ele está sendo organizado pelos membros oficiais da MANDRÁGORA, terá como temática central ‘’Bem-Estar: O(A) profissional da Saúde e as Cinco Liberdades&#8221;, trazendo à luz mesas redondas interdisciplinares riquíssimas que abarcarão discussões tais como: Bem-estar humano, levando em consideração a Síndrome de Burnout; Bem-estar animal, permeando entre a ética profissional, analgesia e qualidade de vida; Como encarar a despedida: a visão do Médico Veterinário e do Tutor. O I SimpMandrágora contará com palestrantes das diferentes áreas de formação: Médicos Veterinários, Psicólogos, Biólogos, Fisioterapeutas, Sociólogos, Antropólogos e Filósofos.</p>
<p style="text-align: justify;">Não perca essa oportunidade de conhecer e refletir sobre os princípios essenciais para o bem-estar animal e humano, repercutindo na qualidade de vida, permitindo articular o ensino, a pesquisa e a extensão como importantes pilares de sua formação tecno-cientifica e cidadã.</p>
<p>Instagram: <a href="https://www.instagram.com/mandragora.univasf/">https://www.instagram.com/mandragora.univasf/</a></p>
<p>Facebook: <a href="https://www.facebook.com/mandragoraligaacademica">https://www.facebook.com/mandragoraligaacademica</a></p>
<p>Twitter: <a href="https://twitter.com/mandragoraLA1">https://twitter.com/mandragoraLA1</a>[/vc_column_text][/vc_column][/vc_row]</p>

<p>[vc_row][vc_column][items_list header=&#8221;Aula aberta sobre “Ventilação Mecânica”&#8221; animation=&#8221;0&#8243; additembutton=&#8221;&#8221; additemwindow=&#8221;&#8221; read_more=&#8221;0&#8243;][/items_list][vc_column_text css=&#8221;.vc_custom_1597195995198{margin-top: 0px !important;margin-bottom: 11px !important;border-top-width: 0px !important;border-bottom-width: 11px !important;padding-top: 0px !important;padding-bottom: 11px !important;}&#8221;] Aula aberta sobre “Ventilação Mecânica” de Rodrigo Neca Ribeiro (@rodrigonecaribeiro; realizou estágio no Centro de Conservação e Reprodução de animais selvagens no Instituto Smithsonian, Front Royal VA, EUA, ano de 2013. Médico&hellip; <a class="more-link" href="https://mandragora.univasf.edu.br/index.php/eventos-2/">Continuar lendo <span class="screen-reader-text">Eventos</span></a></p>
